st derivative of -2*p**2 + 2*p**2 - p**2 + 2 + p. Suppose 8 = i - 5*i. What is z(i)?
5
Let x(i) = i**2 - i + 1. Let h(g) = 1. Let a(n) = -n - 2. Let m(s) = -a(s) - 2*h(s). Suppose -4 - 1 = 5*z. Let q(t) = z*m(t) - x(t). Calculate q(2).
-5
Let p(b) = -2*b**2 - 3. Let t(m) = 10*m**2 - m + 16. Let g(f) = 11*p(f) + 2*t(f). Let s(x) = 2*x - 3*x - 8 + 0*x. Let z be s(-7). Calculate g(z).
-1
Let f(g) = g**2. Let j(s) = s**3 + 8*s**2 + 1. Let b(q) = 5*f(q) - j(q). Suppose -k - 2 = -y, y - 4*k - 32 = 5*y. Give b(y).
-1
Let w(f) = f - f + 1 + f. Let j be w(-4). Let v(k) = -2*k**3 + k**2 + 13*k + 13. Let r(p) = -p**3 + 6*p + 6. Let c(n) = -5*r(n) + 2*v(n). Determine c(j).
-1
Let r(s) = s**3 + 6*s**2 + 2*s + 9. Let o be 9/27 + 38/(-6). What is r(o)?
-3
Let u(d) be the third derivative of -d**4/24 + 18*d**2. Let j be -1 + 1 - (2 - 8). Give u(j).
-6
Suppose 0 = -5*a - 0*a. Suppose s + 4*s - 78 = -3*u, 3*s = -3*u + 48. Suppose -5*c + s = -a*c. Let d(y) = 2*y - 1. Give d(c).
5
Let q(d) = -d**3 - 6*d**2 - d - 2 - 2*d + 5 - 2*d. Suppose 6*x - 5 = x, 0 = -4*i + x - 21. Calculate q(i).
3
Let f(s) = 3*s**3 - 8*s**2 + 3*s + 5. Let b(i) = -i**3 + i**2 + i - 1. Let x(l) = -2*b(l) - f(l). Let h be (-19)/(-4) + (-2)/(-8). Determine x(h).
-3
Suppose 43*n = 53*n + 140. Let k(x) = -x**3 - 13*x**2 + 14*x - 5. Give k(n).
-5
Suppose 4*s + 1 = -4*r + 9, s = 4*r - 13. Suppose 4*z + 3*g - 17 = 0, -r*g = -4*z + z + 18. Let u(p) = -p**3 + 5*p**2 - p + 4. What is u(z)?
-1
Let o(p) = p + 5. Suppose 3*t = -t - 3*y - 34, 19 = -3*t + y. What is o(t)?
-2
Let c be (-2 - -1)*(4 - 2)/2. Let u(v) = 2*v**2 - 2*v - 1. Calculate u(c).
3
Let b(y) be the third derivative of -y**5/60 - y**4/24 - y**3/3 - 2*y**2. Let h be (1 - 3) + (-1 - -5). Suppose u + 0 = -h. Determine b(u).
-4
Let x(f) be the first derivative of -f**6/180 + 7*f**5/120 - f**4/4 - f**3/3 + 3. Let m(h) be the third derivative of x(h). Determine m(4).
-10
Suppose -11 = 2*j + 7. Let w(t) = t**2 + 8*t - 5. Calculate w(j).
4
Let m = -3 - -7. Let s = m + -1. Let n = s + -4. Let o(f) = -f. Give o(n).
1
Let v(b) = b - 7*b**3 - 2*b**3 + b**3. Give v(1).
-7
Let n(y) be the second derivative of -y**3/3 - y**2/2 - 29*y. What is n(1)?
-3
Let q(j) = j**3 + j**2 - j - 4. Let o be q(0). Let d(n) be the third derivative of -n**6/120 - n**5/15 + n**4/8 + n**3/3 + 193*n**2 + 2*n. Calculate d(o).
-10
Let r(w) = -1 + 1 - 85*w - 1 + 94*w. What is r(1)?
8
Suppose -5*z = -5 - 0. Suppose -x - 5*i + 11 - 3 = 0, -x + 2*i = -z. Let c(n) = 2*n - 4 + x*n - 6*n. Determine c(-4).
0
Let k(x) = -x**3 - 10*x**2 - 12*x - 6. Let i(d) = 3*d**3 + 29*d**2 + 35*d + 18. Let s(r) = -4*i(r) - 11*k(r). What is s(-5)?
9
Suppose 28*s - 31*s = 15. Let k(d) be the first derivative of d**4/4 + 5*d**3/3 - d**2/2 - d - 2. Calculate k(s).
4
Let u(l) = 6*l**2 - 10*l - 2. Let d(y) = -7*y**2 + 11*y + 3. Let x(t) = -5*d(t) - 6*u(t). Suppose 3*f - 3*i - 7 = 11, -5*i - 18 = -2*f. Calculate x(f).
1
Let w(y) be the first derivative of 1/2*y**3 + 3 + 1/6*y**4 + 1/2*y**2 + 3*y. Let u(z) be the first derivative of w(z). Give u(-2).
3
Let l(g) = g**2 + 6*g - 6. Let s be l(-7). Let c(q) = 0*q + 3*q - 4*q + 1 + 14*q**3 - q**2. What is c(s)?
13
Let q(m) = -4*m**2 + 2*m + 1. Let p(n) = 2*n**3 - 12*n**2 - n + 8. Let v be p(6). Determine q(v).
-11
Let n(p) = -p**3 - 5*p**2 - 4*p - 2. Let m = -26 - -15. Let s = 8 + m. What is n(s)?
-8
Let g(l) = 5 - l - 1 - 2. Let f(i) = -2*i**3 + i**2 - 2*i + 1. Let z be f(1). Let r = -5 - z. What is g(r)?
5
Suppose 19 = 3*c + 5*h, 34 = 2*c - 3*h + h. Suppose -4*b - 3 - c = 0. Let a(v) = 2*v - 4. Let o(y) = y - 1. Let w(q) = 2*a(q) - 6*o(q). Give w(b).
6
Suppose 0 = 5*g - 2*g + l - 9, 2*l = -5*g + 16. Let u = -4 - -4. Let v(w) = 4*w**2 + 0*w**3 - 3*w - w**3 + 1 + u*w**3. Give v(g).
3
Let h(a) = a**3 + 5*a**2 - 6*a - 5. Let n(y) = -y**3 + 2*y - 2. Let z be n(2). Let j = 0 + z. Calculate h(j).
-5
Let t be (2 - 1)/((-3)/(-27)). Let w(i) = -3*i**2 + i**2 - t*i**3 - i + i**2. Give w(-1).
9
Let r(h) = h - 7. Let m be r(8). Let d(o) = 7*o**2 - 2*o + 1. Let n be d(m). Let q(w) = -w + 7. What is q(n)?
1
Suppose 15 - 51 = -2*j. Let r = j + -22. Let n(s) = -s**3 - 4*s**2 + 5*s + 5. Give n(r).
-15
Let q = 19 + -31. Let z be -2*(-3)/q*-2. Let c(y) = -z + 0*y + 3*y - 2*y. Calculate c(-1).
-2
Let c(q) = -4*q - 5. Let y be ((-8)/5)/(2*6/(-30)). What is c(y)?
-21
Let o(d) = 4*d - 1. Suppose 2*u = -49 - 1. Let y be u/15 + (-4)/(-6). Give o(y).
-5
Let b = 7 - 12. Let s(h) = h**2 + 5*h + 4. Let r(l) = 3*l**2 + 15*l + 11. Let z(o) = -6*r(o) + 17*s(o). Calculate z(b).
2
Let a(r) = r**3 + 21*r**2 + 21*r + 23. Let i be a(-20). Let o(u) = -u + 2. Calculate o(i).
-1
Let f(w) = -w**3 + 5*w + 1. Let l be f(2). Suppose 8 - 2 = 2*j. Let i(m) = -m - j*m + 3*m + l*m. Give i(5).
10
Let q(s) = -3*s**3 - 3*s**2 + 3*s + 4. Let c(n) = -n**3. Let u = -6 - -8. Let r(k) = u*c(k) - q(k). Give r(-4).
-8
Let y = 72 - 78. Let c(i) be the first derivative of -i**4/4 - 2*i**3 - i**2/2 + i + 1. What is c(y)?
7
Let g(i) = -i**2 + 6*i + 7. Suppose -5*f = f - 36. Give g(f).
7
Let b(o) = -9*o + o**2 - o**3 - 9*o + 18*o - 7. Determine b(0).
-7
Let a(c) = -33 + 17 + 17 + 14*c. Calculate a(-1).
-13
Suppose -5 = -8*k + 3*k. Let p(v) = -6*v**2 - v + 1. Give p(k).
-6
Let r(p) = 2*p + 3. Let t be r(-3). Let x = 5 + t. Suppose -2 = -x*a - 0. Let f(v) = 5*v - 1. Calculate f(a).
4
Let o = -4 - -6. Let x(r) = -3*r**2 + 4*r - 6. Let b(j) = 1. Let q(k) = -4*b(k) - x(k). Calculate q(o).
6
Let t(n) = -n**3 - n - 2. Let p(h) = -2*h**2 - 13*h + 5. Let a be p(-7). Calculate t(a).
8
Let m(h) = -4*h - 3. Let a(q) = 2*q + 1. Let i(k) = 5*a(k) + 3*m(k). What is i(-5)?
6
Let p be (-3)/6*-2 - -1. Suppose 3*q + 1 = 3*l - 17, 0 = -4*q - p*l. Let a(h) = -2*h**3 - 3*h**2 - 2*h - 2. Give a(q).
6
Suppose -4*m + 5 = -3*f, -m - f - 1 = -4*f. Let z(l) = 3*l**2 + 0*l**m - 2*l**2. Let n = 1 + -3. Determine z(n).
4
Let s(w) be the third derivative of -w**6/120 - 3*w**5/20 + 2*w**3/3 + 11*w**2. What is s(-9)?
4
Let p(s) = -s**3 - 2*s**2 + 5*s + 4. Let a be (-3)/(-1) - 3/(-3). Suppose -r = -a*h + 25, h = -h - 2*r. Suppose 0 = h*v - 15, 4*q - v + 9 = -6. Give p(q).
-2
Let i(m) = 7 + 13*m - 9*m - 2 + m**2. Calculate i(-4).
5
Suppose -1 = 2*w - 2*j - 5, w + j = 0. Let l be (-6)/(-3) - (w - -4). Let u(p) = -2*p - 3. Calculate u(l).
3
Let i(s) = -s + 5. Let c be i(5). Let q(o) = o**2 - 2 + c*o + 0*o + o + o. Give q(-4).
6
Let o(n) = n**2 + 2*n - 3. Let d = -3 + 1. Let g be (d - -6)*3/(-4). Give o(g).
0
Let o(v) be the first derivative of -v**3/3 + 2*v**2 + 3*v + 2. Determine o(5).
-2
Suppose q - 5 = -6. Let f(j) = 3*j + 1. Give f(q).
-2
Let b(h) = 3*h**3 - 8*h**2 - 2*h + 5. Let d(r) = 3*r**3 - 9*r**2 - 2*r + 6. Let w(z) = -7*b(z) + 6*d(z). Calculate w(-1).
4
Let q = 9 - 7. Let c(m) be the third derivative of -3*m**2 + 1/6*m**3 - 1/8*m**4 + 0 + 0*m + 1/60*m**5. What is c(q)?
-1
Suppose 0 = -3*a - 3 - 0. Let y = 2 - a. Let p(t) = 6 - 3 + t**2 + 5 - 6 - 2*t. Give p(y).
5
Let f(w) = w**2 + w - 5. Let o(d) be the third derivative of -d**6/120 + d**5/15 - d**4/12 - d**3/2 - 8*d**2. Let x be o(3). What is f(x)?
-5
Let f(b) be the first derivative of -b**7/840 + b**6/120 + b**5/60 - b**3 - 2. Let o(q) be the third derivative of f(q). Determine o(3).
6
Let b(v) = -v**3 - 11*v**2 - 4*v - 10. Let h(u) = -u**3 - 10*u**2 - 5*u - 9. Let f(s) = -3*b(s) + 4*h(s). Give f(-6).
6
Let t(q) = -q**2 + 6*q - 5. Let k(f) = 4*f**2 - 14*f + 17. Let x(d) = -8*d**2 + 29*d - 33. Let c(r) = 5*k(r) + 3*x(r). Let z(n) = 6*c(n) - 17*t(n). Give z(1).
-6
Let y(s) = -69*s**3 - 63*s**3 - 4*s + 2 + 0 + 133*s**3 - s**2. Give y(3).
8
Let g(j) be the first derivative of -7/3*j**3 + 5*j - 1/4*j**4 + 1/2*j**2 + 3. Give g(-7).
-2
Let f(v) be the second derivative of -v**4/12 - 2*v**3/3 + 7*v**2/2 + v. Let u be 2/(-3) + (-12)/(-18). Suppose u = 5*g + 10 + 15. What is f(g)?
2
Let f(h) = -10*h**2. Suppose -3*v = -0*v - 3*g - 3, 5*g + 12 = -2*v. Determine f(v).
-10
Let j be ((-4)/(-2))/(12/(-54)). Let k = 7 + j. Let v(u) = 2*u**2 - 6*u. Let f(l) = -l**2 + 5*l + 1. Let o(w) = -3*f(w) - 2*v(w). Give o(k).
-1
Let y(p) be the second derivative of -p**5/20 + p**4/4 - p**2/2 + p. Let u = 10 - 9. Calculate y(u).
1
Suppose -4*v = 20, v = 3*n - 25 - 13. Let i = 4 - n. Let t(x) = x**2 + 7*x + 3. Calculate t(